{"id":127,"date":"2024-12-27T19:28:11","date_gmt":"2024-12-27T19:28:11","guid":{"rendered":"https:\/\/tsiad.org.tr\/?page_id=127"},"modified":"2024-12-31T14:02:17","modified_gmt":"2024-12-31T14:02:17","slug":"bagli-oldugumuz-federasyon-ve-konfederasyonlar","status":"publish","type":"page","link":"https:\/\/tsiad.org.tr\/index.php\/hakkimizda\/bagli-oldugumuz-federasyon-ve-konfederasyonlar\/","title":{"rendered":"Ba\u011fl\u0131 Oldu\u011fumuz Federasyon ve Konfederasyonlar"},"content":{"rendered":"\n<div class=\"wp-block-group is-layout-grid wp-container-core-group-is-layout-478b6e6b wp-block-group-is-layout-grid\">\n<figure class=\"wp-block-image size-full wp-container-content-e29552f7\"><img fetchpriority=\"high\" decoding=\"async\" width=\"390\" height=\"213\" src=\"https:\/\/tsiad.org.tr\/wp-content\/uploads\/2024\/12\/baglikonf1k.jpg\" alt=\"\" class=\"wp-image-319\" srcset=\"https:\/\/tsiad.org.tr\/wp-content\/uploads\/2024\/12\/baglikonf1k.jpg 390w, https:\/\/tsiad.org.tr\/wp-content\/uploads\/2024\/12\/baglikonf1k-300x164.jpg 300w\" sizes=\"(max-width: 390px) 100vw, 390px\" \/><\/figure>\n\n\n\n<figure class=\"wp-block-image size-full wp-container-content-e29552f7\"><img decoding=\"async\" width=\"390\" height=\"213\" data-src=\"https:\/\/tsiad.org.tr\/wp-content\/uploads\/2024\/12\/baglikonf2k.jpg\" alt=\"\" class=\"wp-image-320 lazyload\" data-srcset=\"https:\/\/tsiad.org.tr\/wp-content\/uploads\/2024\/12\/baglikonf2k.jpg 390w, https:\/\/tsiad.org.tr\/wp-content\/uploads\/2024\/12\/baglikonf2k-300x164.jpg 300w\" data-sizes=\"(max-width: 390px) 100vw, 390px\" src=\"data:image\/svg+xml;base64,PHN2ZyB3aWR0aD0iMSIgaGVpZ2h0PSIxIiB4bWxucz0iaHR0cDovL3d3dy53My5vcmcvMjAwMC9zdmciPjwvc3ZnPg==\" style=\"--smush-placeholder-width: 390px; --smush-placeholder-aspect-ratio: 390\/213;\" \/><\/figure>\n<\/div>\n\n\n\n<p><strong>T\u00dcRKONFED&nbsp;Zirve<\/strong><\/p>\n\n\n\n<figure class=\"wp-block-table\"><table class=\"has-fixed-layout\"><tbody><tr><td><strong>TAR\u0130H<\/strong><\/td><td><strong>&nbsp;&nbsp;&nbsp;&nbsp;&nbsp;&nbsp;&nbsp;&nbsp; \u0130L<\/strong><\/td><td><strong>S\u0130AD<\/strong><\/td><td><strong>KONU<\/strong><\/td><\/tr><tr><td>17-Eki-97<\/td><td>\u0130stanbul<\/td><td>T\u00dcS\u0130AD<\/td><td><\/td><\/tr><tr><td>11-Ara-98<\/td><td>Bursa, Uluda\u011f<\/td><td>BUS\u0130AD<\/td><td>Siyasette Reform<\/td><\/tr><tr><td>25-Kas-99<\/td><td>Mersin<\/td><td>MES\u0130AD<\/td><td>Ekonomide Reform<\/td><\/tr><tr><td>17-Kas-00<\/td><td>\u015eanl\u0131urfa<\/td><td>\u015eUS\u0130AD<\/td><td>AB Yolunda Tar\u0131mda Reform<\/td><\/tr><tr><td>09-Kas-01<\/td><td>Antalya<\/td><td>ANS\u0130AD<\/td><td>Yarg\u0131 Siteminde Reform<\/td><\/tr><tr><td>20-Ara-02<\/td><td>Trabzon<\/td><td>TS\u0130AD<\/td><td>T\u00fcrkiye\u2019de \u0130\u015fsizlik ve \u0130\u015fsizlikle M\u00fccadele Politikalar\u0131<\/td><\/tr><tr><td>19-Ara-03<\/td><td>\u0130zmir<\/td><td>ES\u0130AD<\/td><td>T\u00fcrkiye\u2019de Giri\u015fimcili\u011fin Geli\u015ftirilmesi<\/td><\/tr><tr><td>03-Ara-04<\/td><td>Diyarbak\u0131r<\/td><td>D\u0130S\u0130AD<\/td><td>Yoksullukla M\u00fccadele ve B\u00f6lgesel Kalk\u0131nma<\/td><\/tr><tr><td>21-23 Aral\u0131k 2005<\/td><td>Denizli<\/td><td>BAS\u0130AD<\/td><td>Yeni Sanayi Perspektifleri &#8211; Tekstil ve Konfeksiyonun Gelece\u011fi<\/td><\/tr><tr><td rowspan=\"2\">7-8 Aral\u0131k 2006<\/td><td rowspan=\"2\">Adana<\/td><td rowspan=\"2\">ADS\u0130AD<\/td><td>Ekonominin Yeni Darbo\u011faz\u0131, Yeti\u015fmi\u015f Ara Eleman \u2013 Msk ve Tek. E\u011fit. de<\/td><\/tr><tr><td>Yeni Politikalar<\/td><\/tr><tr><td>13-14 Aral\u0131k 2007<\/td><td>Eski\u015fehir<\/td><td>ES\u0130AD<\/td><td>\u0130\u015f D\u00fcnyas\u0131nda Kad\u0131n<\/td><\/tr><tr><td>27-28 Kas\u0131m 2008<\/td><td>\u0130zmir<\/td><td>\u0130ZS\u0130AD<\/td><td>KOB\u0130\u2019lerde D\u00f6n\u00fc\u015f\u00fcm<\/td><\/tr><\/tbody><\/table><\/figure>\n\n\n\n<figure class=\"wp-block-table\"><table class=\"has-fixed-layout\"><tbody><tr><td><strong>T\u00dcRKONFED Ba\u015fkanlar Konseyi<\/strong><\/td><td><\/td><td><\/td><\/tr><tr><td><strong>TAR\u0130H &nbsp; &nbsp; &nbsp; &nbsp; &nbsp; &nbsp; &nbsp; &nbsp; &nbsp; &nbsp; &nbsp; &nbsp;&nbsp;&nbsp;&nbsp;&nbsp;&nbsp;&nbsp;&nbsp;&nbsp;&nbsp;&nbsp;&nbsp;&nbsp;&nbsp;&nbsp; &nbsp; &nbsp; &nbsp; &nbsp; &nbsp; &nbsp; &nbsp;<\/strong><\/td><td><strong>\u0130L<\/strong><\/td><td><strong>&nbsp;S\u0130AD<\/strong><\/td><\/tr><tr><td>23-24 Haziran 2005 &nbsp; &nbsp; &nbsp; &nbsp; &nbsp; &nbsp; &nbsp; &nbsp; &nbsp; &nbsp; &nbsp; &nbsp; &nbsp; &nbsp;<\/td><td>Elaz\u0131\u011f<\/td><td>ELS\u0130AD<\/td><\/tr><tr><td>15-16 Haziran 2006 &nbsp; &nbsp; &nbsp; &nbsp; &nbsp; &nbsp; &nbsp; &nbsp;<\/td><td>Trabzon<\/td><td>TS\u0130AD<\/td><\/tr><tr><td>14-15 Eyl\u00fcl 2006 &nbsp; &nbsp; &nbsp; &nbsp; &nbsp; &nbsp; &nbsp;&nbsp;&nbsp;&nbsp;&nbsp; &nbsp; &nbsp; &nbsp; &nbsp; &nbsp; &nbsp; &nbsp; &nbsp;<\/td><td>Bursa<\/td><td>BUS\u0130AD<\/td><\/tr><tr><td>30 Nisan \u2013 1 May\u0131s 2007 &nbsp; &nbsp;<\/td><td>Samsun<\/td><td>SAS\u0130AD<\/td><\/tr><tr><td>6-7 Eyl\u00fcl 2007 &nbsp; &nbsp; &nbsp; &nbsp; &nbsp; &nbsp; &nbsp; &nbsp; &nbsp; &nbsp; &nbsp; &nbsp;<\/td><td>\u0130skenderun<\/td><td>&nbsp;\u0130SS\u0130AD<\/td><\/tr><tr><td>24-25 Nisan 2008 &nbsp; &nbsp; &nbsp; &nbsp; &nbsp; &nbsp; &nbsp; &nbsp;&nbsp;&nbsp;&nbsp;&nbsp;&nbsp; &nbsp; &nbsp; &nbsp;<\/td><td>\u015eanl\u0131urfa &nbsp;<\/td><td>\u015eUS\u0130AD<\/td><\/tr><tr><td>15-16 Haziran 2008 &nbsp; &nbsp; &nbsp; &nbsp; &nbsp; &nbsp;&nbsp; &nbsp; &nbsp; &nbsp; &nbsp; &nbsp; &nbsp;<\/td><td>\u00c7orum<\/td><td>\u00c7OS\u0130AD<\/td><\/tr><tr><td>20-21 Nisan 2009 &nbsp; &nbsp; &nbsp; &nbsp; &nbsp; &nbsp; &nbsp; &nbsp; &nbsp; &nbsp; &nbsp; &nbsp; &nbsp; &nbsp; &nbsp;<\/td><td>Mardin<\/td><td>MARS\u0130AD<\/td><\/tr><tr><td>4-5 Haziran 2009 &nbsp; &nbsp; &nbsp; &nbsp; &nbsp; &nbsp; &nbsp; &nbsp;&nbsp;&nbsp;&nbsp; &nbsp; &nbsp; &nbsp; &nbsp; &nbsp; &nbsp;<\/td><td>Ankara &nbsp;<\/td><td>Akyurt S\u0130AD<\/td><\/tr><\/tbody><\/table><\/figure>\n\n\n\n<p><\/p>\n","protected":false},"excerpt":{"rendered":"<p>T\u00dcRKONFED&nbsp;Zirve TAR\u0130H &nbsp;&nbsp;&nbsp;&nbsp;&nbsp;&nbsp;&nbsp;&nbsp; \u0130L S\u0130AD KONU 17-Eki-97 \u0130stanbul T\u00dcS\u0130AD 11-Ara-98 Bursa, Uluda\u011f BUS\u0130AD Siyasette Reform 25-Kas-99 Mersin MES\u0130AD Ekonomide Reform 17-Kas-00 \u015eanl\u0131urfa \u015eUS\u0130AD AB Yolunda Tar\u0131mda Reform 09-Kas-01 Antalya ANS\u0130AD Yarg\u0131 Siteminde Reform 20-Ara-02 Trabzon TS\u0130AD T\u00fcrkiye\u2019de \u0130\u015fsizlik ve \u0130\u015fsizlikle M\u00fccadele Politikalar\u0131 19-Ara-03 \u0130zmir ES\u0130AD T\u00fcrkiye\u2019de Giri\u015fimcili\u011fin Geli\u015ftirilmesi 03-Ara-04 Diyarbak\u0131r D\u0130S\u0130AD Yoksullukla M\u00fccadele ve B\u00f6lgesel [&hellip;]<\/p>\n","protected":false},"author":1,"featured_media":0,"parent":67,"menu_order":0,"comment_status":"closed","ping_status":"closed","template":"","meta":{"footnotes":""},"class_list":["post-127","page","type-page","status-publish","hentry"],"_links":{"self":[{"href":"https:\/\/tsiad.org.tr\/index.php\/wp-json\/wp\/v2\/pages\/127","targetHints":{"allow":["GET"]}}],"collection":[{"href":"https:\/\/tsiad.org.tr\/index.php\/wp-json\/wp\/v2\/pages"}],"about":[{"href":"https:\/\/tsiad.org.tr\/index.php\/wp-json\/wp\/v2\/types\/page"}],"author":[{"embeddable":true,"href":"https:\/\/tsiad.org.tr\/index.php\/wp-json\/wp\/v2\/users\/1"}],"replies":[{"embeddable":true,"href":"https:\/\/tsiad.org.tr\/index.php\/wp-json\/wp\/v2\/comments?post=127"}],"version-history":[{"count":3,"href":"https:\/\/tsiad.org.tr\/index.php\/wp-json\/wp\/v2\/pages\/127\/revisions"}],"predecessor-version":[{"id":323,"href":"https:\/\/tsiad.org.tr\/index.php\/wp-json\/wp\/v2\/pages\/127\/revisions\/323"}],"up":[{"embeddable":true,"href":"https:\/\/tsiad.org.tr\/index.php\/wp-json\/wp\/v2\/pages\/67"}],"wp:attachment":[{"href":"https:\/\/tsiad.org.tr\/index.php\/wp-json\/wp\/v2\/media?parent=127"}],"curies":[{"name":"wp","href":"https:\/\/api.w.org\/{rel}","templated":true}]}}