{"id":129,"date":"2024-12-27T19:28:36","date_gmt":"2024-12-27T19:28:36","guid":{"rendered":"https:\/\/tsiad.org.tr\/?page_id=129"},"modified":"2025-05-05T11:27:18","modified_gmt":"2025-05-05T11:27:18","slug":"gecmis-donem-yonetim-kurullari","status":"publish","type":"page","link":"https:\/\/tsiad.org.tr\/index.php\/hakkimizda\/gecmis-donem-yonetim-kurullari\/","title":{"rendered":"Ge\u00e7mi\u015f D\u00f6nem Y\u00f6netim Kurullar\u0131"},"content":{"rendered":"\n<div class=\"wp-block-group is-layout-grid wp-container-core-group-is-layout-478b6e6b wp-block-group-is-layout-grid\">\n<div class=\"wp-block-media-text is-stacked-on-mobile wp-container-content-e29552f7\" style=\"grid-template-columns:27% auto\"><figure class=\"wp-block-media-text__media\"><img decoding=\"async\" width=\"148\" height=\"181\" data-src=\"https:\/\/tsiad.org.tr\/wp-content\/uploads\/2024\/12\/rrrr.jpg\" alt=\"\" class=\"wp-image-271 size-full lazyload\" src=\"data:image\/svg+xml;base64,PHN2ZyB3aWR0aD0iMSIgaGVpZ2h0PSIxIiB4bWxucz0iaHR0cDovL3d3dy53My5vcmcvMjAwMC9zdmciPjwvc3ZnPg==\" style=\"--smush-placeholder-width: 148px; --smush-placeholder-aspect-ratio: 148\/181;\" \/><\/figure><div class=\"wp-block-media-text__content\">\n<p><strong>1995-1997<\/strong><\/p>\n\n\n\n<p>BA\u015eK. REHA \u00dc\u00c7\u00dcNC\u00dcO\u011eLU<br>SAB\u0130T SABIR<br>CO\u015eKUN ERKULO\u011eLU<br>ENVER ALTINTA\u015e<br>N\u0130HAT C\u0130RAV<br>NEG\u0130Z ONGAN<br>ERTU\u011eRUL ALBAYRAK<\/p>\n<\/div><\/div>\n\n\n\n<div class=\"wp-block-media-text is-stacked-on-mobile wp-container-content-e29552f7\" style=\"grid-template-columns:37% auto\"><figure class=\"wp-block-media-text__media\"><img decoding=\"async\" width=\"150\" height=\"147\" data-src=\"https:\/\/tsiad.org.tr\/wp-content\/uploads\/2024\/12\/oar.gif\" alt=\"\" class=\"wp-image-276 size-full lazyload\" src=\"data:image\/svg+xml;base64,PHN2ZyB3aWR0aD0iMSIgaGVpZ2h0PSIxIiB4bWxucz0iaHR0cDovL3d3dy53My5vcmcvMjAwMC9zdmciPjwvc3ZnPg==\" style=\"--smush-placeholder-width: 150px; --smush-placeholder-aspect-ratio: 150\/147;\" \/><\/figure><div class=\"wp-block-media-text__content\">\n<p><strong>1997-1999<\/strong><\/p>\n\n\n\n<p>BA\u015eK. O\u011eUZ AYDIN<br>HAKAN \u015eAH\u0130N<br>HAKAN YAVUZ<br>SEM\u0130H MELEK<br>YILMAZ SAY\u0130TO\u011eLU<br>NAD\u0130R SARAL<br>CAH\u0130T SEZERO\u011eLU<\/p>\n<\/div><\/div>\n<\/div>\n\n\n\n<div style=\"height:37px\" aria-hidden=\"true\" class=\"wp-block-spacer\"><\/div>\n\n\n\n<div class=\"wp-block-group is-layout-grid wp-container-core-group-is-layout-478b6e6b wp-block-group-is-layout-grid\">\n<div class=\"wp-block-media-text is-stacked-on-mobile wp-container-content-e29552f7\" style=\"grid-template-columns:32% auto\"><figure class=\"wp-block-media-text__media\"><img decoding=\"async\" width=\"146\" height=\"163\" data-src=\"https:\/\/tsiad.org.tr\/wp-content\/uploads\/2024\/12\/nnnn.jpg\" alt=\"\" class=\"wp-image-278 size-full lazyload\" src=\"data:image\/svg+xml;base64,PHN2ZyB3aWR0aD0iMSIgaGVpZ2h0PSIxIiB4bWxucz0iaHR0cDovL3d3dy53My5vcmcvMjAwMC9zdmciPjwvc3ZnPg==\" style=\"--smush-placeholder-width: 146px; --smush-placeholder-aspect-ratio: 146\/163;\" \/><\/figure><div class=\"wp-block-media-text__content\">\n<p><strong>1999-2001<\/strong><\/p>\n\n\n\n<p>BA\u015eK .NAD\u0130R SARAL<br>HAKAN \u015eAH\u0130N<br>HASAN BEKTA\u015e<br>NURAY D\u0130ZDAR<br>KER\u0130M KALAFATO\u011eLU<br>ZAFER AYG\u00dcN<br>HASAN O. SABIR<\/p>\n<\/div><\/div>\n\n\n\n<div class=\"wp-block-media-text is-stacked-on-mobile wp-container-content-e29552f7\" style=\"grid-template-columns:31% auto\"><figure class=\"wp-block-media-text__media\"><img decoding=\"async\" width=\"134\" height=\"174\" data-src=\"https:\/\/tsiad.org.tr\/wp-content\/uploads\/2024\/12\/ysr1.gif\" alt=\"\" class=\"wp-image-279 size-full lazyload\" src=\"data:image\/svg+xml;base64,PHN2ZyB3aWR0aD0iMSIgaGVpZ2h0PSIxIiB4bWxucz0iaHR0cDovL3d3dy53My5vcmcvMjAwMC9zdmciPjwvc3ZnPg==\" style=\"--smush-placeholder-width: 134px; --smush-placeholder-aspect-ratio: 134\/174;\" \/><\/figure><div class=\"wp-block-media-text__content\">\n<p><\/p>\n\n\n\n<p><\/p>\n\n\n\n<p><strong>2001-2003<\/strong><\/p>\n\n\n\n<p>B\u015eK. YILMAZ SAY\u0130TO\u011eLU<br>\u015e\u00dcKRULLAH G\u00dc\u00c7MEN<br>SEM\u0130H MELEK<br>\u0130SMA\u0130L ZEKA\u0130 D\u00dcLGER<br>CAH\u0130T SEZERO\u011eLU<br>ZAFER AYG\u00dcN<br>HASAN OSMAN SABIR<br>HASAN BEKTA\u015e<br>DERYA USUL<br>ZEYYAT KAFKAS<br>AL\u0130 YAVUZ<\/p>\n<\/div><\/div>\n<\/div>\n\n\n\n<div class=\"wp-block-group is-layout-grid wp-container-core-group-is-layout-478b6e6b wp-block-group-is-layout-grid\">\n<div class=\"wp-block-media-text is-stacked-on-mobile wp-container-content-e29552f7\" style=\"grid-template-columns:37% auto\"><figure class=\"wp-block-media-text__media\"><img decoding=\"async\" width=\"150\" height=\"156\" data-src=\"https:\/\/tsiad.org.tr\/wp-content\/uploads\/2024\/12\/semihm.gif\" alt=\"\" class=\"wp-image-281 size-full lazyload\" src=\"data:image\/svg+xml;base64,PHN2ZyB3aWR0aD0iMSIgaGVpZ2h0PSIxIiB4bWxucz0iaHR0cDovL3d3dy53My5vcmcvMjAwMC9zdmciPjwvc3ZnPg==\" style=\"--smush-placeholder-width: 150px; --smush-placeholder-aspect-ratio: 150\/156;\" \/><\/figure><div class=\"wp-block-media-text__content\">\n<div style=\"height:4px\" aria-hidden=\"true\" class=\"wp-block-spacer\"><\/div>\n\n\n\n<p><\/p>\n\n\n\n<p><\/p>\n\n\n\n<p><\/p>\n\n\n\n<p><strong>2003-2005<\/strong><\/p>\n\n\n\n<p>BA\u015eK. SEM\u0130H MELEK<br>\u015e\u00dcKRULLAH G\u00dc\u00c7MEN<br>\u0130SMA\u0130L ZEKA\u0130 D\u00dcLGER<br>DERYA USUL<br>ZEYYAT KAFKAS<br>HASAN OSMAN SABIR<br>YA\u015eAR DURSUN YURTSEVEN<br>ZAFER AYG\u00dcN<br>AL\u0130 YAVUZ<br>NUSRET ONUR<br>CAH\u0130T SEZERO\u011eLU<\/p>\n\n\n\n<p><\/p>\n<\/div><\/div>\n\n\n\n<div class=\"wp-block-media-text is-stacked-on-mobile wp-container-content-e29552f7\" style=\"grid-template-columns:38% auto\"><figure class=\"wp-block-media-text__media\"><img decoding=\"async\" width=\"150\" height=\"142\" data-src=\"https:\/\/tsiad.org.tr\/wp-content\/uploads\/2024\/12\/sukru.gif\" alt=\"\" class=\"wp-image-286 size-full lazyload\" src=\"data:image\/svg+xml;base64,PHN2ZyB3aWR0aD0iMSIgaGVpZ2h0PSIxIiB4bWxucz0iaHR0cDovL3d3dy53My5vcmcvMjAwMC9zdmciPjwvc3ZnPg==\" style=\"--smush-placeholder-width: 150px; --smush-placeholder-aspect-ratio: 150\/142;\" \/><\/figure><div class=\"wp-block-media-text__content\">\n<p><\/p>\n\n\n\n<p><\/p>\n\n\n\n<p><strong>2005-2007<\/strong><\/p>\n\n\n\n<p>B\u015eK. \u015e\u00dcKRULLAH G\u00dc\u00c7MEN<br>ZEYYAT KAFKAS<br>HASAN O. SABIR<br>NUSRET ONUR<br>AL\u0130 BA\u015eT\u00dcRK<br>RECEP ERGEN\u00c7<br>\u015eABAN AKBULUT<br>SEFER AKY\u00dcZ<br>YAL\u00c7IN ORHAN<br>MURAT \u0130SKENDER<br>DERYA USUL<\/p>\n<\/div><\/div>\n<\/div>\n\n\n\n<div style=\"height:36px\" aria-hidden=\"true\" class=\"wp-block-spacer\"><\/div>\n\n\n\n<div class=\"wp-block-group is-layout-grid wp-container-core-group-is-layout-478b6e6b wp-block-group-is-layout-grid\">\n<div class=\"wp-block-media-text is-stacked-on-mobile wp-container-content-e29552f7\" style=\"grid-template-columns:36% auto\"><figure class=\"wp-block-media-text__media\"><img decoding=\"async\" width=\"150\" height=\"188\" data-src=\"https:\/\/tsiad.org.tr\/wp-content\/uploads\/2024\/12\/sabir.gif\" alt=\"\" class=\"wp-image-290 size-full lazyload\" src=\"data:image\/svg+xml;base64,PHN2ZyB3aWR0aD0iMSIgaGVpZ2h0PSIxIiB4bWxucz0iaHR0cDovL3d3dy53My5vcmcvMjAwMC9zdmciPjwvc3ZnPg==\" style=\"--smush-placeholder-width: 150px; --smush-placeholder-aspect-ratio: 150\/188;\" \/><\/figure><div class=\"wp-block-media-text__content\">\n<p><\/p>\n\n\n\n<p><\/p>\n\n\n\n<p>                                            <strong>2007-2009<\/strong><br><\/p>\n\n\n\n<p>B\u015eK. HASAN OSMAN SABIR<br>ZEYYAT KAFKAS<br>YAL\u00c7IN ORHAN<br>G\u00d6KHAN AVCI<br>RECEP ERGEN\u00c7<br>\u015eABAN AKBULUT<br>SEFER AKY\u00dcZ<br>NEZ\u0130H ONUR<br>HASAN KAM\u0130L HAYAL\u0130<br>MURAT \u0130SKENDER<br>AL\u0130 BA\u015eT\u00dcRK<\/p>\n\n\n\n<p><\/p>\n<\/div><\/div>\n\n\n\n<div class=\"wp-block-media-text is-stacked-on-mobile wp-container-content-e29552f7\" style=\"grid-template-columns:42% auto\"><figure class=\"wp-block-media-text__media\"><img decoding=\"async\" width=\"150\" height=\"157\" data-src=\"https:\/\/tsiad.org.tr\/wp-content\/uploads\/2024\/12\/zkr.gif\" alt=\"\" class=\"wp-image-293 size-full lazyload\" src=\"data:image\/svg+xml;base64,PHN2ZyB3aWR0aD0iMSIgaGVpZ2h0PSIxIiB4bWxucz0iaHR0cDovL3d3dy53My5vcmcvMjAwMC9zdmciPjwvc3ZnPg==\" style=\"--smush-placeholder-width: 150px; --smush-placeholder-aspect-ratio: 150\/157;\" \/><\/figure><div class=\"wp-block-media-text__content\">\n<p><\/p>\n\n\n\n<p><\/p>\n\n\n\n<p><strong>2009-2011<\/strong><br><\/p>\n\n\n\n<p>B\u015eK. ZEYYAT KAFKAS<br>YAL\u00c7IN ORHAN<br>YUSUF HAYIRLIO\u011eLU<br>EFKAN SAY\u0130TO\u011eLU<br>NEZ\u0130H ONUR<br>HASAN KAM\u0130L HAYAL\u0130<br>MURAT \u0130SKENDER<br>ALPER B\u00dcLB\u00dcLO\u011eLU<br>SEM\u0130H BAYGIN<br>SERKAN AYTEK\u0130N<br>AL\u0130 ERCAN AYDO\u011eAN<br>ERTU\u011eRUL DO\u011eAN<br>RECEP AYVAZ<\/p>\n\n\n\n<p><\/p>\n<\/div><\/div>\n<\/div>\n\n\n\n<div style=\"height:35px\" aria-hidden=\"true\" class=\"wp-block-spacer\"><\/div>\n\n\n\n<div class=\"wp-block-group is-layout-grid wp-container-core-group-is-layout-478b6e6b wp-block-group-is-layout-grid\">\n<div class=\"wp-block-media-text is-stacked-on-mobile wp-container-content-e29552f7\" style=\"grid-template-columns:36% auto\"><figure class=\"wp-block-media-text__media\"><img decoding=\"async\" width=\"200\" height=\"246\" data-src=\"https:\/\/tsiad.org.tr\/wp-content\/uploads\/2024\/12\/YALCN2.jpg\" alt=\"\" class=\"wp-image-297 size-full lazyload\" src=\"data:image\/svg+xml;base64,PHN2ZyB3aWR0aD0iMSIgaGVpZ2h0PSIxIiB4bWxucz0iaHR0cDovL3d3dy53My5vcmcvMjAwMC9zdmciPjwvc3ZnPg==\" style=\"--smush-placeholder-width: 200px; --smush-placeholder-aspect-ratio: 200\/246;\" \/><\/figure><div class=\"wp-block-media-text__content\">\n<p><\/p>\n\n\n\n<p><\/p>\n\n\n\n<p><\/p>\n\n\n\n<p><strong>2011-2013<\/strong><br><\/p>\n\n\n\n<p>B\u015eK.YAL\u00c7IN ORHAN<br>NEZ\u0130H ONUR<br>HASAN KAM\u0130L HAYAL\u0130<br>AYTA\u00c7 AYDO\u011eAN<br>SIRRI FURKAN EREN<br>EFKAN SAY\u0130TO\u011eLU<br>RECEP AYVAZ<br>ERTU\u011eRUL DO\u011eAN<br>SEM\u0130H BAYGIN<br>SERKAN AYTEK\u0130N<br>AL\u0130 E. AYDO\u011eAN<br>H.ALPER B\u00dcLB\u00dcLO\u011eLU<br>MURAT \u0130SKENDER<\/p>\n\n\n\n<p><\/p>\n<\/div><\/div>\n\n\n\n<div class=\"wp-block-media-text is-stacked-on-mobile wp-container-content-e29552f7\" style=\"grid-template-columns:36% auto\"><figure class=\"wp-block-media-text__media\"><img decoding=\"async\" width=\"113\" height=\"157\" data-src=\"https:\/\/tsiad.org.tr\/wp-content\/uploads\/2024\/12\/nesih.gif\" alt=\"\" class=\"wp-image-298 size-full lazyload\" src=\"data:image\/svg+xml;base64,PHN2ZyB3aWR0aD0iMSIgaGVpZ2h0PSIxIiB4bWxucz0iaHR0cDovL3d3dy53My5vcmcvMjAwMC9zdmciPjwvc3ZnPg==\" style=\"--smush-placeholder-width: 113px; --smush-placeholder-aspect-ratio: 113\/157;\" \/><\/figure><div class=\"wp-block-media-text__content\">\n<p><\/p>\n\n\n\n<p><\/p>\n\n\n\n<p><\/p>\n\n\n\n<p><strong>2013-2015<\/strong><\/p>\n\n\n\n<p>Ba\u015fkan: NEZ\u0130H ONUR<br>HASAN KAM\u0130L HAYAL\u0130<br>AYTA\u00c7 AYDO\u011eAN<br>SIRRI FURKAN EREN<br>ERTU\u011eRUL DO\u011eAN<br>SERKAN AYTEK\u0130N<br>MEL\u0130KE OYMAN<br>SE\u00c7K\u0130N KANCA<br>DURSUN AL\u0130 SAKARYA<br>SERDAR BO\u011eO\u00c7LU<br>FAT\u0130H MENG\u00dc\u00c7<br>MURAT YAVUZ<br>TAYFUN DEN\u0130ZER<\/p>\n\n\n\n<p><\/p>\n<\/div><\/div>\n<\/div>\n\n\n\n<div style=\"height:30px\" aria-hidden=\"true\" class=\"wp-block-spacer\"><\/div>\n\n\n\n<div class=\"wp-block-group is-layout-grid wp-container-core-group-is-layout-478b6e6b wp-block-group-is-layout-grid\">\n<div class=\"wp-block-media-text is-stacked-on-mobile wp-container-content-e29552f7\" style=\"grid-template-columns:29% auto\"><figure class=\"wp-block-media-text__media\"><img decoding=\"async\" width=\"150\" height=\"167\" data-src=\"https:\/\/tsiad.org.tr\/wp-content\/uploads\/2024\/12\/hkk2.jpg\" alt=\"\" class=\"wp-image-299 size-full lazyload\" src=\"data:image\/svg+xml;base64,PHN2ZyB3aWR0aD0iMSIgaGVpZ2h0PSIxIiB4bWxucz0iaHR0cDovL3d3dy53My5vcmcvMjAwMC9zdmciPjwvc3ZnPg==\" style=\"--smush-placeholder-width: 150px; --smush-placeholder-aspect-ratio: 150\/167;\" \/><\/figure><div class=\"wp-block-media-text__content\">\n<p><\/p>\n\n\n\n<p><\/p>\n\n\n\n<p><\/p>\n\n\n\n<p><\/p>\n\n\n\n<p><strong>2015-2017<\/strong><br><\/p>\n\n\n\n<p>Ba\u015fkan: HASAN KAM\u0130L HAYAL\u0130<br>SIRRI FURKAN EREN<br>AYTA\u00c7 AYDO\u011eAN<br>SERKAN AYTEK\u0130N<br>SE\u00c7K\u0130N KANCA<br>MURAT YAVUZ<br>TAYFUN DEN\u0130ZER<br>ERTU\u011eRUL DO\u011eAN<br>ENG\u0130N KARAB\u0130NA<br>\u00d6V\u00dcN VEDAT OYMAN<br>SERHAN BAYGIN<br>MEHMET CAN TUNA<br>BURAK T\u00dcRKO\u011eLU<\/p>\n\n\n\n<p><\/p>\n<\/div><\/div>\n\n\n\n<div class=\"wp-block-media-text is-stacked-on-mobile wp-container-content-e29552f7\" style=\"grid-template-columns:33% auto\"><figure class=\"wp-block-media-text__media\"><img decoding=\"async\" width=\"100\" height=\"136\" data-src=\"https:\/\/tsiad.org.tr\/wp-content\/uploads\/2024\/12\/aytac100.jpg\" alt=\"\" class=\"wp-image-300 size-full lazyload\" src=\"data:image\/svg+xml;base64,PHN2ZyB3aWR0aD0iMSIgaGVpZ2h0PSIxIiB4bWxucz0iaHR0cDovL3d3dy53My5vcmcvMjAwMC9zdmciPjwvc3ZnPg==\" style=\"--smush-placeholder-width: 100px; --smush-placeholder-aspect-ratio: 100\/136;\" \/><\/figure><div class=\"wp-block-media-text__content\">\n<p><\/p>\n\n\n\n<p><\/p>\n\n\n\n<p><\/p>\n\n\n\n<p><strong>2017-2019<\/strong><br><\/p>\n\n\n\n<p>Ba\u015fkan: AYTA\u00c7 AYDO\u011eAN<br>SIRRI FURKAN EREN<br>SE\u00c7K\u0130N KANCA<br>SERKAN AYTEK\u0130N<br>TAYFUN DEN\u0130ZER<br>DURSUN AL\u0130 SAKARYA<br>\u00d6V\u00dcN VEDAT OYMAN<br>ENG\u0130N KARAB\u0130NA<br>SERHAN BAYGIN<br>ERDAL DEM\u0130RC\u0130O\u011eLU<br>ERD\u0130N\u00c7 \u00d6ZER<br>MEHMET MANZAK<br>VOLKAN MAC\u0130T<\/p>\n\n\n\n<p><\/p>\n<\/div><\/div>\n<\/div>\n\n\n\n<div style=\"height:30px\" aria-hidden=\"true\" class=\"wp-block-spacer\"><\/div>\n\n\n\n<div class=\"wp-block-group is-layout-grid wp-container-core-group-is-layout-478b6e6b wp-block-group-is-layout-grid\">\n<div class=\"wp-block-media-text is-stacked-on-mobile wp-container-content-e29552f7\" style=\"grid-template-columns:39% auto\"><figure class=\"wp-block-media-text__media\"><img decoding=\"async\" width=\"230\" height=\"231\" data-src=\"https:\/\/tsiad.org.tr\/wp-content\/uploads\/2024\/12\/SS1.jpg\" alt=\"\" class=\"wp-image-302 size-full lazyload\" data-srcset=\"https:\/\/tsiad.org.tr\/wp-content\/uploads\/2024\/12\/SS1.jpg 230w, https:\/\/tsiad.org.tr\/wp-content\/uploads\/2024\/12\/SS1-150x150.jpg 150w\" data-sizes=\"(max-width: 230px) 100vw, 230px\" src=\"data:image\/svg+xml;base64,PHN2ZyB3aWR0aD0iMSIgaGVpZ2h0PSIxIiB4bWxucz0iaHR0cDovL3d3dy53My5vcmcvMjAwMC9zdmciPjwvc3ZnPg==\" style=\"--smush-placeholder-width: 230px; --smush-placeholder-aspect-ratio: 230\/231;\" \/><\/figure><div class=\"wp-block-media-text__content\">\n<p><\/p>\n\n\n\n<p><\/p>\n\n\n\n<p><strong>2019-2021<\/strong><br><\/p>\n\n\n\n<p>BA\u015eKAN: SIRRI FURKAN EREN<br>SE\u00c7K\u0130N KANCA<br>TAYFUN DEN\u0130ZER<br>\u00d6V\u00dcN VEDAT OYMAN<br>DURSUN AL\u0130 SAKARYA<br>SERKAN AYTEK\u0130N<br>TUFAN SA\u011eLAM<br>SERHAN BAYGIN<br>MUSTAFA T\u0130RYAK\u0130<br>ERD\u0130N\u00c7 \u00d6ZER<br>MEHMET MANZAK<br>YUSUF \u00c7AKIR<br>VOLKAN MAC\u0130T<\/p>\n\n\n\n<p><\/p>\n<\/div><\/div>\n\n\n\n<div class=\"wp-block-media-text is-stacked-on-mobile wp-container-content-e29552f7\" style=\"grid-template-columns:37% auto\"><figure class=\"wp-block-media-text__media\"><img decoding=\"async\" width=\"196\" height=\"193\" data-src=\"https:\/\/tsiad.org.tr\/wp-content\/uploads\/2024\/12\/abc.gif\" alt=\"\" class=\"wp-image-304 size-full lazyload\" src=\"data:image\/svg+xml;base64,PHN2ZyB3aWR0aD0iMSIgaGVpZ2h0PSIxIiB4bWxucz0iaHR0cDovL3d3dy53My5vcmcvMjAwMC9zdmciPjwvc3ZnPg==\" style=\"--smush-placeholder-width: 196px; --smush-placeholder-aspect-ratio: 196\/193;\" \/><\/figure><div class=\"wp-block-media-text__content\">\n<p><\/p>\n\n\n\n<p><\/p>\n\n\n\n<p><strong>2021-2023<\/strong><\/p>\n\n\n\n<p>BA\u015eKAN: SE\u00c7K\u0130N KANCA TAYFUN DEN\u0130ZER <br>DURSUN AL\u0130 SAKARYA \u00d6V\u00dcN VEDAT OYMAN MEHMET MANZAK <br>CENG\u0130Z O\u011eUZ \u00c7AVU\u015e TUFAN SA\u011eLAM <br>ERD\u0130N\u00c7 \u00d6ZER <br>YUSUF \u00c7AKIR <br>SEYYARE SUNGUR <br>HAKAN C\u0130VELEK <br>AHMET TURAN <br>AHMET SEL\u0130M TUNA<\/p>\n<\/div><\/div>\n<\/div>\n\n\n\n<div style=\"height:30px\" aria-hidden=\"true\" class=\"wp-block-spacer\"><\/div>\n\n\n\n<div class=\"wp-block-group is-layout-grid wp-container-core-group-is-layout-478b6e6b wp-block-group-is-layout-grid\">\n<div class=\"wp-block-media-text is-stacked-on-mobile wp-container-content-e29552f7\" style=\"grid-template-columns:37% auto\"><figure class=\"wp-block-media-text__media\"><img decoding=\"async\" width=\"1024\" height=\"891\" data-src=\"https:\/\/tsiad.org.tr\/wp-content\/uploads\/2025\/01\/TK_05842-min-2-1024x891.jpg\" alt=\"\" class=\"wp-image-712 size-full lazyload\" data-srcset=\"https:\/\/tsiad.org.tr\/wp-content\/uploads\/2025\/01\/TK_05842-min-2-1024x891.jpg 1024w, https:\/\/tsiad.org.tr\/wp-content\/uploads\/2025\/01\/TK_05842-min-2-300x261.jpg 300w, https:\/\/tsiad.org.tr\/wp-content\/uploads\/2025\/01\/TK_05842-min-2-768x668.jpg 768w, https:\/\/tsiad.org.tr\/wp-content\/uploads\/2025\/01\/TK_05842-min-2-1536x1337.jpg 1536w, https:\/\/tsiad.org.tr\/wp-content\/uploads\/2025\/01\/TK_05842-min-2-2048x1782.jpg 2048w\" data-sizes=\"(max-width: 1024px) 100vw, 1024px\" src=\"data:image\/svg+xml;base64,PHN2ZyB3aWR0aD0iMSIgaGVpZ2h0PSIxIiB4bWxucz0iaHR0cDovL3d3dy53My5vcmcvMjAwMC9zdmciPjwvc3ZnPg==\" style=\"--smush-placeholder-width: 1024px; --smush-placeholder-aspect-ratio: 1024\/891;\" \/><\/figure><div class=\"wp-block-media-text__content\">\n<p><\/p>\n\n\n\n<p><\/p>\n\n\n\n<p><strong>2023-2025<\/strong><br><\/p>\n\n\n\n<p>BA\u015eKAN:TAYFUN DEN\u0130ZER<br>MEHMET MANZAK<br>DURSUN AL\u0130 SAKARYA<br>YUSUF \u00c7AKIR<br>ERD\u0130N\u00c7 \u00d6ZER<br>AHMET SEL\u0130M TUNA<br>SEYYARE SUNGUR<br>HAKAN C\u0130VELEK<br>G\u00d6KHAN BENL\u0130<br>SEFA DEM\u0130REL<br>MURAT U\u011eUR SA\u011eLAM<br>MEHMET CAN SARI<br>\u0130LKER KAHRAMAN<\/p>\n\n\n\n<p><\/p>\n<\/div><\/div>\n<\/div>\n","protected":false},"excerpt":{"rendered":"<p>1995-1997 BA\u015eK. REHA \u00dc\u00c7\u00dcNC\u00dcO\u011eLUSAB\u0130T SABIRCO\u015eKUN ERKULO\u011eLUENVER ALTINTA\u015eN\u0130HAT C\u0130RAVNEG\u0130Z ONGANERTU\u011eRUL ALBAYRAK 1997-1999 BA\u015eK. O\u011eUZ AYDINHAKAN \u015eAH\u0130NHAKAN YAVUZSEM\u0130H MELEKYILMAZ SAY\u0130TO\u011eLUNAD\u0130R SARALCAH\u0130T SEZERO\u011eLU 1999-2001 BA\u015eK .NAD\u0130R SARALHAKAN \u015eAH\u0130NHASAN BEKTA\u015eNURAY D\u0130ZDARKER\u0130M KALAFATO\u011eLUZAFER AYG\u00dcNHASAN O. SABIR 2001-2003 B\u015eK. YILMAZ SAY\u0130TO\u011eLU\u015e\u00dcKRULLAH G\u00dc\u00c7MENSEM\u0130H MELEK\u0130SMA\u0130L ZEKA\u0130 D\u00dcLGERCAH\u0130T SEZERO\u011eLUZAFER AYG\u00dcNHASAN OSMAN SABIRHASAN BEKTA\u015eDERYA USULZEYYAT KAFKASAL\u0130 YAVUZ 2003-2005 BA\u015eK. SEM\u0130H MELEK\u015e\u00dcKRULLAH G\u00dc\u00c7MEN\u0130SMA\u0130L ZEKA\u0130 D\u00dcLGERDERYA USULZEYYAT [&hellip;]<\/p>\n","protected":false},"author":1,"featured_media":0,"parent":67,"menu_order":0,"comment_status":"closed","ping_status":"closed","template":"","meta":{"footnotes":""},"class_list":["post-129","page","type-page","status-publish","hentry"],"_links":{"self":[{"href":"https:\/\/tsiad.org.tr\/index.php\/wp-json\/wp\/v2\/pages\/129","targetHints":{"allow":["GET"]}}],"collection":[{"href":"https:\/\/tsiad.org.tr\/index.php\/wp-json\/wp\/v2\/pages"}],"about":[{"href":"https:\/\/tsiad.org.tr\/index.php\/wp-json\/wp\/v2\/types\/page"}],"author":[{"embeddable":true,"href":"https:\/\/tsiad.org.tr\/index.php\/wp-json\/wp\/v2\/users\/1"}],"replies":[{"embeddable":true,"href":"https:\/\/tsiad.org.tr\/index.php\/wp-json\/wp\/v2\/comments?post=129"}],"version-history":[{"count":20,"href":"https:\/\/tsiad.org.tr\/index.php\/wp-json\/wp\/v2\/pages\/129\/revisions"}],"predecessor-version":[{"id":1308,"href":"https:\/\/tsiad.org.tr\/index.php\/wp-json\/wp\/v2\/pages\/129\/revisions\/1308"}],"up":[{"embeddable":true,"href":"https:\/\/tsiad.org.tr\/index.php\/wp-json\/wp\/v2\/pages\/67"}],"wp:attachment":[{"href":"https:\/\/tsiad.org.tr\/index.php\/wp-json\/wp\/v2\/media?parent=129"}],"curies":[{"name":"wp","href":"https:\/\/api.w.org\/{rel}","templated":true}]}}